101010?
100101010110
In base 10, what is 11522 + 22?
11544
In base 14, what is 40 - 3bd2?
-3b92
In base 10, what is 23 + 34757?
34780
In base 16, what is 71550 + 7?
71557
In base 16, what is 2e93 - 8?
2e8b
In base 3, what is -22212200122 - -1?
-22212200121
In base 6, what is -4011 + 103?
-3504
In base 3, what is 22011001 - -112?
22011120
In base 12, what is 8a - 56?
34
In base 3, what is 21 + 2200001000?
2200001021
In base 5, what is 113010101 + -10?
113010041
In base 13, what is -8560 + -1b9?
-8749
In base 6, what is -5 + -451155?
-451204
In base 4, what is -10030 + 3033?
-331
In base 14, what is b60 - 1b?
b43
In base 14, what is -55000 + 2?
-54ddc
In base 7, what is 10 + 56140?
56150
In base 7, what is -1 - 1054164?
-1054165
In base 7, what is 205045 + -5?
205040
In base 11, what is -20290 - -3?
-20288
In base 6, what is 5 + -20154204?
-20154155
In base 15, what is -aba26 - 3?
-aba29
In base 11, what is 4a2 + 52a?
a21
In base 6, what is -10 + 12241?
12231
In base 7, what is 4311 - -445?
5056
In base 10, what is -34842 + 35?
-34807
In base 16, what is 2 + 22987?
22989
In base 8, what is 151 + -455?
-304
In base 8, what is 4 - 37602?
-37576
In base 16, what is 6b5c - 1?
6b5b
In base 5, what is -33421410 - -4?
-33421401
In base 7, what is 646 - 365?
251
In base 13, what is -3 + 4861?
485b
In base 8, what is 21 + -6444?
-6423
In base 14, what is 25ac5 - 1?
25ac4
In base 11, what is 4 - 8660?
-8657
In base 2, what is 11000100011000111100 - -10?
11000100011000111110
In base 8, what is 307 - 2156?
-1647
In base 7, what is -200004 - 3?
-200010
In base 11, what is 107 - 54a?
-443
In base 12, what is 3a1 - 1?
3a0
In base 4, what is 3 - -10230301312?
10230301321
In base 7, what is 1444 + 42?
1516
In base 2, what is -100 - -1011010101011010?
1011010101010110
In base 12, what is 4 + -43b58?
-43b54
In base 2, what is -110101 + 1001000000100110?
1000111111110001
In base 7, what is -143432 - 5?
-143440
In base 3, what is -2001122201 + 2?
-2001122122
In base 9, what is -223406 + 8?
-223387
In base 5, what is 4 - 30314241?
-30314232
In base 14, what is 11 + 43bb8?
43bc9
In base 5, what is -31 + 402014?
401433
In base 9, what is 4683 - 1?
4682
In base 13, what is 66 - 1aa?
-144
In base 2, what is 10010000011100 + 10000?
10010000101100
In base 16, what is 52 + 13b?
18d
In base 16, what is 4 + 9ab3?
9ab7
In base 9, what is 713284 - -1?
713285
In base 5, what is -243 - -2120300?
2120002
In base 8, what is 15452 - 200?
15252
In base 4, what is 2303013 - -3?
2303022
In base 2, what is 11100011 + -10001111?
1010100
In base 15, what is 3c6c - -2?
3c6e
In base 11, what is -5 + 171a6?
171a1
In base 6, what is 2 - 114314?
-114312
In base 9, what is -15018 + -12?
-15031
In base 2, what is 0 - 110001000110000100100?
-110001000110000100100
In base 4, what is 233 - 13313?
-13020
In base 14, what is 8cd + -b4?
819
In base 10, what is 6680456 + 3?
6680459
In base 14, what is 1d62c - -3?
1d631
In base 3, what is 1102 - -1001021?
1002200
In base 12, what is -71226 - -4?
-71222
In base 8, what is -30 - 24?
-54
In base 9, what is -87311 - -2?
-87308
In base 10, what is -294 - 848?
-1142
In base 10, what is -90 - -5465?
5375
In base 4, what is 103230 - 130?
103100
In base 10, what is 66798 - -22?
66820
In base 14, what is -2d + -3362?
-3391
In base 2, what is -10 + -110101011001?
-110101011011
In base 14, what is 2b + 2b38?
2b65
In base 4, what is -2003113 + 13012?
-1330101
In base 11, what is 56257 + -8?
5624a
In base 5, what is 240 + -4444240?
-4444000
In base 8, what is -17 - -5?
-12
In base 4, what is -23332323 - 101?
-23333030
In base 11, what is 6a7 - -16?
712
In base 9, what is 2340651 + -5?
2340645
In base 11, what is 56a88 + 14?
56aa1
In base 7, what is 10 - 412163?
-412153
In base 9, what is 226428 - 0?
226428
In base 4, what is -113 - -33022?
32303
In base 2, what is 110011 + 10011100000010?
10011100110101
In base 16, what is 2cc - -7d?
349
In base 13, what is 3 - -1117?
111a
In base 7, what is -12 + -1416541?
-1416553
In base 14, what is 20c - 1234?
-1026
In base 14, what is -8870 - 17?
-8887
In base 13, what is -a949 - -2?
-a947
In base 14, what is -1 - -25d1?
25d0
In base 4, what is -3 + -132200302?
-132200311
In base 6, what is 42024350 - -1?
42024351
In base 13, what is -30 - -14a38?
14a08
In base 12, what is -48641 - -1?
-48640
In base 9, what is 5 + 111644?
111650
In base 5, what is -113243 - 101?
-113344
In base 11, what is 0 - 4162?
-4162
In base 5, what is -32231 + -311?
-33042
In base 4, what is 11 - -30031302?
30031313
In base 5, what is 100420 - 34?
100331
In base 2, what is 111100 + 110000010110100?
110000011110000
In base 16, what is 60cfd + -2?
60cfb
In base 5, what is -2004223 - -331?
-2003342
In base 8, what is -20 - 11454?
-11474
In base 13, what is a372 - 2?
a370
In base 16, what is -5d2 + 6?
-5cc
In base 13, what is 125 + 2c?
154
In base 16, what is b5283 + 5?
b5288
In base 16, what is -12fa - 1d?
-1317
In base 15, what is -4a - 238?
-283
In base 15, what is -1 - -4375?
4374
In base 14, what is -176982 + -3?
-176985
In base 16, what is -bf - -2db4?
2cf5
In base 9, what is 3 - -582531?
582534
In base 3, what is 11010110 - 2122?
11000211
In base 2, what is -100100101001 + 1110?
-100100011011
In base 15, what is -3aaa + 7?
-3aa3
In base 5, what is 32440 - 34?
32401
In base 7, what is 334 - -1132?
1466
In base 16, what is -a456 + -4?
-a45a
In base 2, what is -1011100000010001 + -101?
-1011100000010110
In base 6, what is -34 + -4505322?
-4505400
In base 6, what is 135451 - 10?
135441
In base 10, what is -8287 - -302?
-7985
In base 11, what is -209715 - -2?
-209713
In base 7, what is -3 - 265230?
-265233
In base 10, what is -2467 + 17?
-2450
In base 2, what is -111101111111 - -101?
-111101111010
In base 15, what is -2 - -a08?
a06
In base 3, what is 100100021 - -12?
100100110
In base 7, what is 152 - -354?
536
In base 15, what is ec - -21?
11d
In base 9, what is -4 + -12511?
-12515
In base 3, what is 12112121 + -2?
12112112
In base 15, what is -1cdc + -1c?
-1d09
In base 12, what is -76a65 + 0?
-76a65
In base 3, what is -121112112022200 - 12?
-121112112022212
In base 5, what is -30033012 - 10?
-30033022
In base 2, what is -111 - 1000011010100?
-1000011011011
In base 9, what is -1 + 1855715?
1855714
In base 8, what is 401 - -12222?
12623
In base 4, what is -11 - 3233332?
-3300003
In base 11, what is 0 + -142135?
-142135
In base 5, what is 241 + -3033?
-2242
In base 12, what is 2 - 56838?
-56836
In base 15, what is 509b + 6?
50a2
In base 10, what is 4456 + -38?
4418
In base 7, what is -4 - 354603?
-354610
In base 5, what is 4 + 1210300?
1210304
In base 2, what is -10110110001 - -11001?
-10110011000
In base 14, what is -141a + -2?
-141c
In base 7, what is -56 + 4405?
4316
In base 6, what is 1242054 - -10?
1242104
In base 11, what is 10025 - 3?
10022
In base 3, what is 11 - 102212012?
-102212001
In base 13, what is 10a + 4044?
4151
In base 15, what is 502 - -426?
928
In base 4, what is -1212002 - 30?
-1212032
In base 11, what is -4084 + -20?
-40a4
In base 4, what is -20033 + 1110?
-12323
In base 14, what is -8004 - 0?
-8004
In base 10, what is 1 - -745150?
745151
In base 10, what is -6 - -214581?
214575
In base 16, what is 2087 + 0?
2087
In base 10, what is -201 + -5?
-206
In base 8, what is -64707 + -3?
-64712
In base 10, what is 150320 - 8?
150312
In base 15, what is -547 + 40?
-507
In base 13, what is -1 - 279bb?
-279bc
In base 8, what is -5 - 50552?
-50557
In base 3, what is 102 + -1020011111?
-1020011002
In base 11, what is -69a0 + -5?
-69a5
In base 11, what is 21 - 207678?
-207657
In base 10, what is -167536 + 3?
-167533
In base 2, what is 110001101001010111 + 0?
110001101001010111
In base 16, what is 2 - -66c43?
66c45
In base 13, what is 3 + 31c9?
31cc
In base 11, what is 10 + 1a451?
1a461
In base 16, what is -3 + -24ce4?
-24ce7
In base 5, what is -120043 + -102?
-120200
In base 8, what is 15 + 200076?
200113
In base 14, what is 56a95 + 3?
56a98
In base 14, what is -d284 - 12?
-d296
In base 10, what is 58 - -10001?
10059
In base 11, what is -59422 - 35?
-59457
In base 15, what is -1054 - -8?
-104b
In base 11, what is 52270 - 3?
52268
In base 9, what is 273 + -2?
271
In base 3, what is 1201102101 + -11?
1201102020
In base 14, what is 71b95 + -4?
71b9